{"version":"1.0","provider_name":"T\u00e9l\u00e9communications de l\u2019Est","provider_url":"https:\/\/www.tde.ca\/fr\/","author_name":"Benoit Bouchard","author_url":"https:\/\/www.tde.ca\/fr\/author\/bbouchard\/","title":"Cadre honorifique \u00abSamurai\u00bb de Toshiba | T\u00e9l\u00e9communications de l\u2019Est","type":"rich","width":600,"height":338,"html":"<blockquote class=\"wp-embedded-content\" data-secret=\"UkjCKL0FL6\"><a href=\"https:\/\/www.tde.ca\/fr\/nouvelles\/cadre-honorifique-samurai-de-toshiba\/\">Cadre honorifique \u00abSamurai\u00bb de Toshiba<\/a><\/blockquote><iframe sandbox=\"allow-scripts\" security=\"restricted\" src=\"https:\/\/www.tde.ca\/fr\/nouvelles\/cadre-honorifique-samurai-de-toshiba\/embed\/#?secret=UkjCKL0FL6\" width=\"600\" height=\"338\" title=\"\u00ab\u00a0Cadre honorifique \u00abSamurai\u00bb de Toshiba\u00a0\u00bb &#8212; T\u00e9l\u00e9communications de l\u2019Est\" data-secret=\"UkjCKL0FL6\" frameborder=\"0\" marginwidth=\"0\" marginheight=\"0\" scrolling=\"no\" class=\"wp-embedded-content\"><\/iframe><script type=\"text\/javascript\">\n\/* <![CDATA[ *\/\n\/*! This file is auto-generated *\/\n!function(d,l){\"use strict\";l.querySelector&&d.addEventListener&&\"undefined\"!=typeof URL&&(d.wp=d.wp||{},d.wp.receiveEmbedMessage||(d.wp.receiveEmbedMessage=function(e){var t=e.data;if((t||t.secret||t.message||t.value)&&!\/[^a-zA-Z0-9]\/.test(t.secret)){for(var s,r,n,a=l.querySelectorAll('iframe[data-secret=\"'+t.secret+'\"]'),o=l.querySelectorAll('blockquote[data-secret=\"'+t.secret+'\"]'),c=new RegExp(\"^https?:$\",\"i\"),i=0;i<o.length;i++)o[i].style.display=\"none\";for(i=0;i<a.length;i++)s=a[i],e.source===s.contentWindow&&(s.removeAttribute(\"style\"),\"height\"===t.message?(1e3<(r=parseInt(t.value,10))?r=1e3:~~r<200&&(r=200),s.height=r):\"link\"===t.message&&(r=new URL(s.getAttribute(\"src\")),n=new URL(t.value),c.test(n.protocol))&&n.host===r.host&&l.activeElement===s&&(d.top.location.href=t.value))}},d.addEventListener(\"message\",d.wp.receiveEmbedMessage,!1),l.addEventListener(\"DOMContentLoaded\",function(){for(var e,t,s=l.querySelectorAll(\"iframe.wp-embedded-content\"),r=0;r<s.length;r++)(t=(e=s[r]).getAttribute(\"data-secret\"))||(t=Math.random().toString(36).substring(2,12),e.src+=\"#?secret=\"+t,e.setAttribute(\"data-secret\",t)),e.contentWindow.postMessage({message:\"ready\",secret:t},\"*\")},!1)))}(window,document);\n\/* ]]> *\/\n<\/script>\n","thumbnail_url":"https:\/\/www.tde.ca\/wp-content\/uploads\/2021\/02\/Photo-6-Richard.jpg","thumbnail_width":326,"thumbnail_height":245,"description":"T\u00e9l\u00e9communications de l'Est s'est vu d\u00e9cerner cette reconnaissance afin de souligner son \u00ab rendement exceptionnel en mati\u00e8re de ventes dans la cat\u00e9gorie \u00abD\u00bb et de ses r\u00e9ussites sur le plan de la commercialisation de solutions de communications d'entreprises Toshiba en 2009 \u00bb."}

Télécommunications de l’Est

Cadre honorifique «Samurai» de Toshiba | Télécommunications de l’Est

<blockquote class="wp-embedded-content" data-secret="UkjCKL0FL6"><a href="https://www.tde.ca/fr/nouvelles/cadre-honorifique-samurai-de-toshiba/">Cadre honorifique «Samurai» de Toshiba</a></blockquote><iframe sandbox="allow-scripts" security="restricted" src="https://www.tde.ca/fr/nouvelles/cadre-honorifique-samurai-de-toshiba/embed/#?secret=UkjCKL0FL6" width="600" height="338" title="« Cadre honorifique «Samurai» de Toshiba » &#8212; Télécommunications de l’Est" data-secret="UkjCKL0FL6" frameborder="0" marginwidth="0" marginheight="0" scrolling="no" class="wp-embedded-content"></iframe><script type="text/javascript">
/* <![CDATA[ */
/*! This file is auto-generated */
!function(d,l){"use strict";l.querySelector&&d.addEventListener&&"undefined"!=typeof URL&&(d.wp=d.wp||{},d.wp.receiveEmbedMessage||(d.wp.receiveEmbedMessage=function(e){var t=e.data;if((t||t.secret||t.message||t.value)&&!/[^a-zA-Z0-9]/.test(t.secret)){for(var s,r,n,a=l.querySelectorAll('iframe[data-secret="'+t.secret+'"]'),o=l.querySelectorAll('blockquote[data-secret="'+t.secret+'"]'),c=new RegExp("^https?:$","i"),i=0;i<o.length;i++)o[i].style.display="none";for(i=0;i<a.length;i++)s=a[i],e.source===s.contentWindow&&(s.removeAttribute("style"),"height"===t.message?(1e3<(r=parseInt(t.value,10))?r=1e3:~~r<200&&(r=200),s.height=r):"link"===t.message&&(r=new URL(s.getAttribute("src")),n=new URL(t.value),c.test(n.protocol))&&n.host===r.host&&l.activeElement===s&&(d.top.location.href=t.value))}},d.addEventListener("message",d.wp.receiveEmbedMessage,!1),l.addEventListener("DOMContentLoaded",function(){for(var e,t,s=l.querySelectorAll("iframe.wp-embedded-content"),r=0;r<s.length;r++)(t=(e=s[r]).getAttribute("data-secret"))||(t=Math.random().toString(36).substring(2,12),e.src+="#?secret="+t,e.setAttribute("data-secret",t)),e.contentWindow.postMessage({message:"ready",secret:t},"*")},!1)))}(window,document);
/* ]]> */
</script>

Télécommunications de l'Est s'est vu décerner cette reconnaissance afin de souligner son « rendement exceptionnel en matière de ventes dans la catégorie «D» et de ses réussites sur le plan de la commercialisation de solutions de communications d'entreprises Toshiba en 2009 ».
